?
111011100
In base 13, what is -4 - 427?
-42b
In base 5, what is -33 - -4434?
4401
In base 14, what is -5 - 246?
-24b
In base 11, what is 43 + 5?
48
In base 4, what is 1132 + -2?
1130
In base 12, what is -2 - 142b?
-1431
In base 6, what is -434 + 13?
-421
In base 14, what is -d8 - -3?
-d5
In base 9, what is -5 - -2021?
2015
In base 6, what is 202 - 52?
110
In base 4, what is -303 - 0?
-303
In base 15, what is -4 + -34a?
-34e
In base 16, what is -1 - 2?
-3
In base 13, what is -1 + -654?
-655
In base 9, what is 1158 - 3?
1155
In base 7, what is -3 - 355?
-361
In base 12, what is -1 + -5a9?
-5aa
In base 15, what is -e - -6?
-8
In base 11, what is -19 + 5?
-14
In base 10, what is 87 - -5?
92
In base 12, what is 563 + 3?
566
In base 6, what is 1 - 1040?
-1035
In base 8, what is -3235 - -2?
-3233
In base 16, what is -d3 - 19?
-ec
In base 15, what is 6 + 32?
38
In base 16, what is -8e + 5?
-89
In base 5, what is -104222 + 0?
-104222
In base 10, what is -8 - 6?
-14
In base 9, what is -1085 + 3?
-1082
In base 5, what is -1 + 1002?
1001
In base 10, what is -1496 - 5?
-1501
In base 9, what is -42521 + -4?
-42525
In base 3, what is -100201 - 1?
-100202
In base 9, what is -56 + -12?
-68
In base 13, what is -aa3 - 0?
-aa3
In base 9, what is -2137 + -4?
-2142
In base 13, what is -17 - -4?
-13
In base 5, what is 2 - 200?
-143
In base 10, what is -10 - -4314?
4304
In base 16, what is 5 + -1a?
-15
In base 9, what is -144 - -5?
-138
In base 15, what is -33 + 7?
-2b
In base 11, what is -a64 - 4?
-a68
In base 10, what is -3 + -901?
-904
In base 14, what is 3 + -1?
2
In base 14, what is 78c + 3?
791
In base 14, what is 46 - -43?
89
In base 9, what is -3 - -653?
650
In base 3, what is -211020211 - 0?
-211020211
In base 13, what is 566 + -3?
563
In base 8, what is -4 - -142?
136
In base 2, what is 100 - -1010011?
1010111
In base 3, what is 12111110 + -20?
12111020
In base 13, what is -c - 54?
-63
In base 11, what is 2890 - 2?
2889
In base 9, what is -100 - 28?
-128
In base 8, what is 1567 - 5?
1562
In base 9, what is 2053 - -1?
2054
In base 11, what is 1 + -10?
-a
In base 13, what is -1 + -19?
-1a
In base 10, what is 21 + -1933?
-1912
In base 16, what is 24 + -9c?
-78
In base 15, what is -7 + -cc?
-d4
In base 8, what is -17 - -173?
154
In base 7, what is 4 + 41?
45
In base 16, what is -3 + -1161?
-1164
In base 16, what is 11 - 4?
d
In base 7, what is -3 - -105?
102
In base 5, what is 2 + 40342?
40344
In base 16, what is -2 - 207?
-209
In base 8, what is 332 + 3?
335
In base 3, what is -11122 - 1112?
-20011
In base 13, what is 1 + 3b9?
3ba
In base 4, what is 13302 + 1?
13303
In base 12, what is -1 - 32b?
-330
In base 2, what is 100 + 1001101?
1010001
In base 4, what is -2233 - -3?
-2230
In base 12, what is -5 - -189b?
1896
In base 7, what is -53 + -31?
-114
In base 14, what is -98 - -6b?
-2b
In base 7, what is -140 + -3?
-143
In base 15, what is c - -c?
19
In base 3, what is -100 - 10?
-110
In base 11, what is -4 - 334?
-338
In base 11, what is -415 - 4?
-419
In base 8, what is 4356 + -5?
4351
In base 14, what is 3 - -5c?
61
In base 12, what is 3 - -20?
23
In base 13, what is 42 + -3?
3c
In base 5, what is -310 - -204?
-101
In base 8, what is -31 + 13?
-16
In base 6, what is 0 - -50?
50
In base 11, what is 12 - -a?
21
In base 5, what is 4 + -344?
-340
In base 6, what is 5235 + 4?
5243
In base 14, what is 3b - 3?
38
In base 14, what is 31 + -5?
2a
In base 11, what is -2026 - 3?
-2029
In base 12, what is 141 - 2?
13b
In base 2, what is -1 + 100001?
100000
In base 16, what is -b2 - 4?
-b6
In base 16, what is -a - 63?
-6d
In base 12, what is -281 + 0?
-281
In base 14, what is -3 + -3d5?
-3d8
In base 8, what is 74036 - -4?
74042
In base 5, what is -10 - -11002?
10442
In base 2, what is 110 - 11110101?
-11101111
In base 15, what is a0 - -5?
a5
In base 6, what is 4 + 51?
55
In base 16, what is 63 + -1?
62
In base 15, what is -2 + -db?
-dd
In base 10, what is 13530 - 3?
13527
In base 5, what is -330 - 21?
-401
In base 3, what is 0 - -201?
201
In base 2, what is 10101010 - 10?
10101000
In base 6, what is 5 - -1?
10
In base 7, what is -1 - -1604?
1603
In base 13, what is 5b - 2?
59
In base 7, what is -5 - 14666?
-15004
In base 7, what is 101 - 21?
50
In base 4, what is -233 + 112?
-121
In base 13, what is -4 - -aa4?
aa0
In base 14, what is -9d6 - -3?
-9d3
In base 16, what is -4 - -3e?
3a
In base 10, what is 80 - -5?
85
In base 7, what is 6 + 15?
24
In base 3, what is -21121 - 2?
-21200
In base 3, what is 2121201 - 11?
2121120
In base 9, what is -5 - 25?
-31
In base 16, what is -15 - -f2?
dd
In base 13, what is -437 + 17?
-420
In base 11, what is 5 - 564?
-55a
In base 5, what is -10 - 104?
-114
In base 8, what is 2 + -70?
-66
In base 12, what is 3 - -690?
693
In base 3, what is 1220010 + 11?
1220021
In base 6, what is -122551 + 5?
-122542
In base 2, what is -110010101100 - 11?
-110010101111
In base 12, what is 3a1 - -29?
40a
In base 2, what is -11 - 110101100?
-110101111
In base 14, what is 183 + -32?
151
In base 13, what is 3 + -2aa5?
-2aa2
In base 6, what is 415 + -2?
413
In base 16, what is 4 - c5?
-c1
In base 3, what is 2 - 1221?
-1212
In base 9, what is -621 - 5?
-626
In base 4, what is 13112 + 32?
13210
In base 9, what is 4 - 37?
-33
In base 7, what is -20 + -46?
-66
In base 10, what is -1778 - 11?
-1789
In base 2, what is -10 + 0?
-10
In base 12, what is -3a02 - -3?
-39bb
In base 14, what is 11 - -27?
38
In base 11, what is 16a7 + 2?
16a9
In base 6, what is 0 - -4?
4
In base 4, what is -30 + 111?
21
In base 7, what is -4 + -160?
-164
In base 4, what is -2 - -2110?
2102
In base 4, what is 13003 + 1?
13010
In base 5, what is -14 - 111?
-130
In base 6, what is -11300 - 2?
-11302
In base 9, what is -3 - -11?
7
In base 11, what is 4a + a?
59
In base 9, what is -434 + 36?
-387
In base 3, what is -111210 - -1?
-111202
In base 5, what is 323 - 2?
321
In base 11, what is -28 + 23?
-5
In base 11, what is -5 + 1843?
1839
In base 15, what is -72d - -2?
-72b
In base 8, what is 15 + -630?
-613
In base 13, what is -78c - 3?
-792
In base 12, what is -24 + -1?
-25
In base 7, what is -106 + -12?
-121
In base 9, what is 325 + 15?
341
In base 16, what is 28 - -1f?
47
In base 16, what is b - -33?
3e
In base 15, what is 4144 - 3?
4141
In base 8, what is 6 + 147?
155
In base 14, what is -19b3 - -2?
-19b1
In base 11, what is 71 - 3?
69
In base 9, what is -31 - -124?
83
In base 6, what is 25 + 5?
34
In base 9, what is 15 - 8?
6
In base 12, what is -391 + -3?
-394
In base 15, what is -226 - -2?
-224
In base 6, what is -134 + 15?
-115
In base 8, what is -5 + -1176?
-1203
In base 9, what is 2 - -11?
13
In base 15, what is 2 - -32c?
32e
In base 15, what is a + 2a?
35
In base 4, what is -2 - 11221?
-11223
In base 16, what is -3 - -74?
71
In base 16, what is 6 - -43?
49
In base 4, what is 10 - -1321?
1331
In base 3, what is 1022121 + 11?
1022202
In base 9, what is -10 - 13?
-23
In base 6, what is -2334 + 5?
-2325
In base 11, what is -1a46 - -1?
-1a45
In base 15, what is -c - -17?
a
In base 12, what is -10 - -7?
-5
In base 8, what is 4 + 311?
315
In base 12, what is 10a + -9?
101
In base 11, what is -1048 - -4?
-1044
In base 8, what is -137 + 0?
-137
In base 12, what is -30 - -10?
-20
In base 13, what is -c9 + 4?
-c5
In base 8, what is 205 - -362?
567
In base 3, what is 121022210 - 0?
121022210
In base 7, what is -14 - 205?
-222
In base 6, what is 432 - 0?
432
In base 16, what is -39 + 2?
-37
In base 3, what is 2 - -2122?
2201
In base 10, what is 9 + -26?
-17
In base 8, what is -5 - 371?
-376
In base 4, what is -20 - -110?
30
In base 3, what is -202220 - -12?
-202201
In base 15, what is 45a + -11?
449
In base 12, what is -958 + -2?
-95a
In base 10, what is -5 - -661?
656
In base 15, what is 73 - -2e?
a2
In base 2, what is -10110110111 + 1?
-10110110110
In base 2, what is 1000 - 10110010?
-10101010
In base 10, what is 6 + 439?
445
In base 9, what is 1327 - 0?
1327
In base 13, what is 3 - -13c?
142
In base 16, what is 4a - -2?
4c
In base 12, what is 140 + -2?
13a
In base 2, what is 111010100 + 11011?
111101111
In base 15, what is 30 + 72?
a2
In base 16, what is -47 + c?
-3b
In base 7, what is -1 + -5040?
-5041
In base 15, what is 38 - 4?
34
In base 16, what is -12 + -a?
-1c
In base 12, what is 4 + 5